e greatest common divisor of 18437 and 1969.
179
What is the highest common divisor of 69474 and 192?
6
Calculate the highest common factor of 116 and 1196424.
116
What is the greatest common divisor of 57 and 70585?
19
What is the highest common divisor of 3471425 and 1528?
191
Calculate the highest common divisor of 606 and 458742.
606
What is the highest common factor of 987 and 141?
141
Calculate the highest common factor of 34435 and 3783.
97
Calculate the greatest common factor of 374 and 107151.
187
What is the highest common factor of 40 and 3214760?
40
What is the highest common factor of 3056013 and 9?
9
Calculate the highest common factor of 65698 and 614.
614
Calculate the greatest common divisor of 2673 and 10179.
27
What is the highest common factor of 3565 and 42895?
115
What is the highest common divisor of 13319 and 19?
19
Calculate the highest common factor of 33 and 229977.
33
Calculate the highest common divisor of 454 and 368875.
227
Calculate the highest common factor of 75 and 56475.
75
What is the greatest common factor of 289 and 52819?
17
Calculate the greatest common divisor of 162500 and 1000.
500
What is the highest common factor of 278110 and 350?
70
What is the greatest common factor of 20 and 509350?
10
Calculate the greatest common divisor of 301530 and 570.
570
What is the highest common divisor of 1463 and 148456?
77
Calculate the highest common factor of 62528 and 192.
64
Calculate the greatest common factor of 52 and 1604278.
26
What is the highest common factor of 55 and 914870?
55
Calculate the greatest common factor of 6494 and 1088.
34
Calculate the highest common divisor of 84435 and 585.
195
Calculate the highest common divisor of 1624850 and 50.
50
What is the highest common divisor of 88 and 4026616?
88
What is the highest common factor of 3477 and 13623?
57
What is the highest common divisor of 5688 and 43924?
316
Calculate the highest common factor of 29181 and 21939.
213
What is the highest common divisor of 264330 and 8370?
270
What is the greatest common divisor of 578715 and 2460?
615
Calculate the greatest common divisor of 4598 and 6776.
242
Calculate the greatest common factor of 8437 and 24013.
649
Calculate the highest common divisor of 14763 and 61827.
111
Calculate the greatest common factor of 482425 and 1678.
839
Calculate the greatest common factor of 108 and 1809162.
54
What is the greatest common divisor of 25421 and 22?
11
What is the greatest common divisor of 10170 and 510?
30
Calculate the highest common factor of 91521 and 144.
9
Calculate the greatest common divisor of 6583 and 4086.
227
Calculate the greatest common divisor of 23257 and 1521.
13
Calculate the greatest common divisor of 100 and 334850.
50
What is the greatest common divisor of 469 and 4193798?
469
What is the highest common factor of 1918 and 140?
14
Calculate the highest common divisor of 574 and 1022.
14
Calculate the highest common factor of 10567 and 7.
1
Calculate the highest common divisor of 384 and 3024.
48
Calculate the highest common factor of 573 and 323554.
191
Calculate the highest common divisor of 235800 and 225.
225
Calculate the highest common divisor of 12123 and 1107.
27
Calculate the highest common factor of 154 and 13783.
77
Calculate the highest common divisor of 2792296 and 520.
104
Calculate the greatest common divisor of 754262 and 92.
46
Calculate the greatest common factor of 2923 and 1295.
37
What is the greatest common factor of 18 and 1471266?
18
Calculate the highest common factor of 824463 and 36.
9
Calculate the greatest common divisor of 26 and 166192.
26
Calculate the highest common divisor of 3209850 and 30.
30
Calculate the highest common divisor of 1125 and 4838850.
225
Calculate the greatest common divisor of 11775 and 43275.
75
Calculate the greatest common factor of 6726 and 1080.
6
Calculate the highest common divisor of 27297 and 1539.
81
What is the greatest common factor of 88631 and 1578?
263
Calculate the greatest common divisor of 161220 and 540.
60
What is the greatest common divisor of 1766 and 4362903?
883
Calculate the greatest common divisor of 40016 and 57096.
488
What is the highest common factor of 4352 and 130016?
544
What is the greatest common divisor of 12 and 708630?
6
What is the greatest common factor of 443 and 60691?
443
What is the greatest common divisor of 491 and 817515?
491
What is the highest common factor of 49629 and 142?
71
What is the greatest common divisor of 194 and 308945?
97
Calculate the greatest common factor of 229371 and 74943.
2271
What is the greatest common divisor of 25591 and 17767?
163
Calculate the highest common divisor of 507 and 41912.
169
What is the greatest common factor of 656 and 3537808?
656
Calculate the greatest common divisor of 1122492 and 138.
138
What is the greatest common factor of 17430 and 44730?
210
Calculate the greatest common divisor of 3234 and 41349.
231
What is the highest common factor of 565 and 1534653?
113
What is the highest common divisor of 5688 and 612?
36
Calculate the highest common factor of 376 and 1763440.
376
Calculate the highest common divisor of 360 and 59580.
180
What is the greatest common divisor of 589 and 752153?
589
What is the greatest common divisor of 13563 and 396?
99
Calculate the greatest common factor of 566421 and 276.
69
Calculate the highest common factor of 45815 and 4235.
385
What is the greatest common factor of 868 and 125209?
217
What is the greatest common divisor of 126 and 1533?
21
What is the highest common divisor of 160 and 59408?
16
What is the highest common divisor of 19232 and 3296?
32
Calculate the highest common divisor of 852 and 5262.
6
What is the highest common factor of 157295 and 5705?
815
Calculate the highest common divisor of 1292 and 86428.
68
What is the greatest common divisor of 136 and 14195?
17
Calculate the greatest common divisor of 400256 and 1357.
59
What is the highest common divisor of 736 and 43056?
368
Calculate the highest common divisor of 27 and 255474.
27
What is the highest common factor of 147791 and 301?
301
What is the highest common divisor of 5895920 and 16?
16
What is the highest common factor of 10803996 and 84?
84
Calculate the greatest common factor of 51050 and 150.
50
What is the highest common divisor of 7644 and 567?
21
What is the greatest common divisor of 102 and 102816?
102
Calculate the greatest common divisor of 191728 and 521.
521
Calculate the greatest common divisor of 39 and 2587.
13
What is the highest common factor of 8170 and 860?
430
Calculate the greatest common factor of 225747 and 3159.
243
What is the highest common divisor of 17057 and 23791?
37
Calculate the highest common factor of 35 and 83300.
35
What is the highest common factor of 30 and 720540?
30
What is the greatest common divisor of 215 and 10140?
5
Calculate the greatest common factor of 2286 and 3411.
9
What is the greatest common factor of 944245 and 1270?
635
What is the highest common factor of 1370 and 130?
10
Calculate the highest common divisor of 5742 and 127600.
638
Calculate the highest common factor of 10175 and 4675.
275
Calculate the highest common factor of 209275 and 275.
275
Calculate the highest common factor of 6805 and 458657.
1361
What is the greatest common factor of 1917 and 3621?
213
Calculate the highest common divisor of 3504 and 376.
8
What is the highest common divisor of 8 and 411784?
8
Calculate the highest common factor of 28870 and 30.
10
Calculate the greatest common divisor of 429 and 3573284.
143
What is the highest common divisor of 118 and 38291?
59
What is the highest common factor of 1529 and 88671?
11
What is the greatest common divisor of 662 and 2?
2
What is the highest common divisor of 240 and 27312?
48
What is the greatest common factor of 1554390 and 171?
171
What is the highest common factor of 384 and 419136?
192
What is the highest common divisor of 80 and 77632?
16
Calculate the greatest common divisor of 2211855 and 15.
15
Calculate the greatest common divisor of 439164 and 165.
33
Calculate the greatest common divisor of 506274 and 57.
57
What is the greatest common factor of 248 and 7448?
8
Calculate the greatest common divisor of 1339 and 143.
13
Calculate the greatest